hat is the remainder when 10761563 is divided by 16841?
164
Calculate the remainder when 97544 is divided by 2778.
314
Calculate the remainder when 605158 is divided by 1350.
358
What is the remainder when 69627960 is divided by 257?
235
What is the remainder when 7930881 is divided by 397?
12
Calculate the remainder when 9071633 is divided by 1017.
1010
What is the remainder when 65516 is divided by 10732?
1124
Calculate the remainder when 49725 is divided by 2100.
1425
Calculate the remainder when 578189 is divided by 44476.
1
Calculate the remainder when 9651493 is divided by 135.
73
Calculate the remainder when 307093 is divided by 9.
4
What is the remainder when 76884 is divided by 6924?
720
What is the remainder when 58669 is divided by 7?
2
What is the remainder when 416996 is divided by 11562?
764
What is the remainder when 1845224 is divided by 885?
884
Calculate the remainder when 1160479 is divided by 842.
203
Calculate the remainder when 1390513183 is divided by 992.
991
What is the remainder when 354502 is divided by 89?
15
Calculate the remainder when 17450 is divided by 292.
222
What is the remainder when 1392193 is divided by 348048?
1
What is the remainder when 2226626298 is divided by 100?
98
What is the remainder when 14915212 is divided by 1894?
1856
Calculate the remainder when 9908541 is divided by 2499.
6
Calculate the remainder when 11093354 is divided by 39.
38
Calculate the remainder when 147992 is divided by 14781.
182
Calculate the remainder when 224158 is divided by 4310.
38
Calculate the remainder when 1608910 is divided by 15.
10
Calculate the remainder when 60293 is divided by 9889.
959
What is the remainder when 4640412 is divided by 2038?
1924
What is the remainder when 410477741 is divided by 43?
42
What is the remainder when 77719637 is divided by 1393?
1381
What is the remainder when 5310930 is divided by 14?
2
Calculate the remainder when 3581524 is divided by 1193838.
10
What is the remainder when 73020 is divided by 14557?
235
What is the remainder when 2016646 is divided by 2016642?
4
Calculate the remainder when 1064160 is divided by 532073.
14
What is the remainder when 5683050 is divided by 94?
92
Calculate the remainder when 306818 is divided by 544.
2
Calculate the remainder when 15969482 is divided by 52.
22
Calculate the remainder when 9152284 is divided by 1190.
1184
What is the remainder when 1575920 is divided by 98408?
1392
What is the remainder when 8529827 is divided by 381?
380
Calculate the remainder when 473598 is divided by 2821.
2491
Calculate the remainder when 1208122839 is divided by 115.
114
Calculate the remainder when 185951266 is divided by 109.
100
Calculate the remainder when 3608651 is divided by 23.
20
What is the remainder when 3257924 is divided by 38328?
44
Calculate the remainder when 5916986 is divided by 15.
11
What is the remainder when 100992 is divided by 2179?
758
Calculate the remainder when 15281568 is divided by 97.
91
Calculate the remainder when 463037 is divided by 105.
92
What is the remainder when 13604896 is divided by 76?
60
What is the remainder when 1163363 is divided by 3396?
1931
Calculate the remainder when 76152 is divided by 24926.
1374
What is the remainder when 103513 is divided by 1156?
629
Calculate the remainder when 34620276 is divided by 17310127.
22
What is the remainder when 343690 is divided by 8623?
7393
What is the remainder when 4962 is divided by 386?
330
Calculate the remainder when 23336860 is divided by 23336838.
22
Calculate the remainder when 1245 is divided by 970.
275
Calculate the remainder when 423781 is divided by 322.
29
Calculate the remainder when 47897672 is divided by 1361.
1360
Calculate the remainder when 247284 is divided by 21867.
6747
Calculate the remainder when 925501 is divided by 758.
741
What is the remainder when 3285222 is divided by 74664?
6
What is the remainder when 2341390 is divided by 234133?
60
Calculate the remainder when 1239712 is divided by 176.
144
What is the remainder when 34534973 is divided by 17267444?
85
What is the remainder when 13720891 is divided by 269037?
4
Calculate the remainder when 186256453 is divided by 1231.
1229
Calculate the remainder when 764680 is divided by 16251.
883
Calculate the remainder when 27605950 is divided by 396.
394
What is the remainder when 5233 is divided by 5206?
27
What is the remainder when 66915322 is divided by 14?
12
What is the remainder when 3009056 is divided by 219?
215
What is the remainder when 188083 is divided by 675?
433
Calculate the remainder when 816134234 is divided by 18.
14
What is the remainder when 1022932 is divided by 255641?
368
Calculate the remainder when 407862 is divided by 273.
0
Calculate the remainder when 42207622 is divided by 4.
2
What is the remainder when 25219258 is divided by 22?
20
Calculate the remainder when 816715 is divided by 5558.
5247
Calculate the remainder when 307484 is divided by 55.
34
Calculate the remainder when 829699 is divided by 165790.
749
What is the remainder when 8856593 is divided by 4428286?
21
Calculate the remainder when 8495276 is divided by 2123798.
84
What is the remainder when 20954244 is divided by 2619280?
4
What is the remainder when 707745 is divided by 6410?
2645
What is the remainder when 66092 is divided by 5483?
296
Calculate the remainder when 124656 is divided by 2537.
343
Calculate the remainder when 157145778 is divided by 44.
42
Calculate the remainder when 32762863 is divided by 411.
409
Calculate the remainder when 10691491 is divided by 2934.
2929
Calculate the remainder when 33837022 is divided by 709.
706
What is the remainder when 26868154 is divided by 12?
10
What is the remainder when 5204325 is divided by 8?
5
Calculate the remainder when 1475288 is divided by 80.
8
Calculate the remainder when 6315 is divided by 2080.
75
Calculate the remainder when 5603643 is divided by 139.
136
Calculate the remainder when 554219 is divided by 538.
79
Calculate the remainder when 3014440 is divided by 237.
37
What is the remainder when 3328061 is divided by 554663?
83
Calculate the remainder when 15987453 is divided by 7.
6
What is the remainder when 2136823 is divided by 712265?
28
What is the remainder when 111666 is divided by 6512?
962
Calculate the remainder when 3334349 is divided by 2121.
137
What is the remainder when 6539 is divided by 3152?
235
What is the remainder when 21243540 is divided by 5310866?
76
What is the remainder when 14195949 is divided by 4907?
4905
Calculate the remainder when 592546 is divided by 1543.
34
Calculate the remainder when 7147328 is divided by 3573583.
162
Calculate the remainder when 46797384 is divided by 2672.
2648
What is the remainder when 305622321 is divided by 43660330?
11
What is the remainder when 995966 is divided by 10595?
36
Calculate the remainder when 129095 is divided by 15.
5
What is the remainder when 15797 is divided by 2126?
915
Calculate the remainder when 8111688 is divided by 409.
400
What is the remainder when 24685685 is divided by 66?
35
What is the remainder when 4081749 is divided by 816279?
354
Calculate the remainder when 12486357 is divided by 89188.
37
What is the remainder when 8487159 is divided by 164?
159
Calculate the remainder when 127783 is divided by 535.
453
Calculate the remainder when 170258 is divided by 139.
122
Calculate the remainder when 898506 is divided by 27222.
180
What is the remainder when 11369077 is divided by 873?
871
Calculate the remainder when 586327 is divided by 9328.
7991
Calculate the remainder when 2921112 is divided by 188.
156
Calculate the remainder when 2659256 is divided by 170.
116
Calculate the remainder when 80228 is divided by 13371.
2
Calculate the remainder when 260547 is divided by 260281.
266
What is the remainder when 793600 is divided by 955?
950
Calculate the remainder when 3938171 is divided by 25909.
3
Calculate the remainder when 5172745 is divided by 517273.
15
What is the remainder when 114458312 is divided by 10405300?
12
What is the remainder when 218393 is divided by 2730?
2723
Calculate the remainder when 15588 is divided by 479.
260
What is the remainder when 5206429 is divided by 216934?
13
Calculate the remainder when 34661 is divided by 5489.
1